{"id":290,"date":"2021-04-12T16:47:14","date_gmt":"2021-04-12T16:47:14","guid":{"rendered":"https:\/\/startersites.io\/blocksy\/homi\/?post_type=product&#038;p=290"},"modified":"2026-01-28T17:15:27","modified_gmt":"2026-01-28T16:15:27","slug":"daily-chair","status":"publish","type":"product","link":"https:\/\/imovane247.com\/?product=daily-chair","title":{"rendered":"ZOPICLON AL (ZOPICLON 7,5 mg tabletter)"},"content":{"rendered":"","protected":false},"excerpt":{"rendered":"<p data-start=\"5\" data-end=\"46\">ZOPICLON AL 7,5 mg tabletter (ZOPICLON)<\/p>\n<p data-start=\"48\" data-end=\"77\"><strong data-start=\"48\" data-end=\"67\">L\u00e4kemedelsform:<\/strong><br data-start=\"67\" data-end=\"70\" \/>Tablett<\/p>\n<p data-start=\"79\" data-end=\"116\"><strong data-start=\"79\" data-end=\"98\">Aktiv substans:<\/strong><br data-start=\"98\" data-end=\"101\" \/>Zopiclon 7,5 mg<\/p>\n<p data-start=\"118\" data-end=\"176\"><strong data-start=\"118\" data-end=\"133\">Indikation:<\/strong><br data-start=\"133\" data-end=\"136\" \/>Korttidsbehandling av insomni hos vuxna.<\/p>\n<p data-start=\"178\" data-end=\"290\"><strong data-start=\"178\" data-end=\"197\">Farmakodynamik:<\/strong><br data-start=\"197\" data-end=\"200\" \/>Zopiclon \u00e4r ett hypnotikum som underl\u00e4ttar insomnandet och f\u00f6rb\u00e4ttrar s\u00f6mnens kontinuitet.<\/p>\n<p data-start=\"292\" data-end=\"359\"><strong data-start=\"292\" data-end=\"311\">Administrering:<\/strong><br data-start=\"311\" data-end=\"314\" \/>Peroral administrering strax f\u00f6re s\u00e4ngg\u00e5ende.<\/p>\n","protected":false},"featured_media":791,"comment_status":"open","ping_status":"closed","template":"","meta":[],"product_brand":[],"product_cat":[15],"product_tag":[],"class_list":{"0":"post-290","1":"product","2":"type-product","3":"status-publish","4":"has-post-thumbnail","6":"product_cat-okategoriserad","8":"first","9":"instock","10":"shipping-taxable","11":"purchasable","12":"product-type-variable"},"_links":{"self":[{"href":"https:\/\/imovane247.com\/index.php?rest_route=\/wp\/v2\/product\/290","targetHints":{"allow":["GET"]}}],"collection":[{"href":"https:\/\/imovane247.com\/index.php?rest_route=\/wp\/v2\/product"}],"about":[{"href":"https:\/\/imovane247.com\/index.php?rest_route=\/wp\/v2\/types\/product"}],"replies":[{"embeddable":true,"href":"https:\/\/imovane247.com\/index.php?rest_route=%2Fwp%2Fv2%2Fcomments&post=290"}],"wp:featuredmedia":[{"embeddable":true,"href":"https:\/\/imovane247.com\/index.php?rest_route=\/wp\/v2\/media\/791"}],"wp:attachment":[{"href":"https:\/\/imovane247.com\/index.php?rest_route=%2Fwp%2Fv2%2Fmedia&parent=290"}],"wp:term":[{"taxonomy":"product_brand","embeddable":true,"href":"https:\/\/imovane247.com\/index.php?rest_route=%2Fwp%2Fv2%2Fproduct_brand&post=290"},{"taxonomy":"product_cat","embeddable":true,"href":"https:\/\/imovane247.com\/index.php?rest_route=%2Fwp%2Fv2%2Fproduct_cat&post=290"},{"taxonomy":"product_tag","embeddable":true,"href":"https:\/\/imovane247.com\/index.php?rest_route=%2Fwp%2Fv2%2Fproduct_tag&post=290"}],"curies":[{"name":"wp","href":"https:\/\/api.w.org\/{rel}","templated":true}]}}